be o(3). Let n(v) = -k*v**3 - 8*v**2 - 9*v**2 + 5 - 2*v + 9*v**2. Is n(-6) composite?
True
Suppose d - 3*d - 4*r + 16 = 0, 3*r = 2*d - 16. Let y be (d/12)/(2/3). Is (3 - y)*1066/4 composite?
True
Suppose 5*p - 47076 = -3*z + 2*p, z = -3*p + 15698. Is z a composite number?
True
Suppose 0 = 2*i + 3*n + 7 + 2, 2*n + 6 = -i. Suppose -7399 = -3*b - 4*v - i*v, -v = -b + 2457. Is b composite?
True
Let c = 48285 - -39164. Is c a composite number?
True
Let a = 437884 - 108497. Is a prime?
True
Suppose -5*y = 4*v + 26, -6 + 7 = v. Is -3 + y/(-1) + (131 - 0) a composite number?
True
Let i(l) = -713*l**3 - l**2 - 3*l - 2. Let m(n) = 6 + n - 4 - 5*n**2 + 3*n**2 + 0. Let u be m(-1). Is i(u) a composite number?
True
Let r be ((-1324)/(-16))/(3/(-1212)). Let l = -16782 - r. Is l a prime number?
True
Suppose -2*o - 4*o = -36. Suppose o*f + 63 - 33 = 0. Is -7 - f - (-322 + 1) a composite number?
True
Suppose -25 + 19 = 2*y, -5*m - 3*y = -463646. Is m a composite number?
True
Let d = 326117 - 195348. Is d prime?
True
Let v(t) = -129*t + 3935. Let b be v(28). Let r be ((-212)/(-1))/(-1*1). Let k = b + r. Is k prime?
False
Let y be ((-2)/(-2))/((-5)/(-28 - -3)). Suppose 3*l + y*h = l - 4344, 4*h = -16. Let w = l - -7885. Is w composite?
True
Suppose 91*c - 87*c = 12. Suppose 533 = c*h + 5*i - 3*i, -2*h + 2*i + 342 = 0. Suppose -3*q + 584 = -h. Is q composite?
True
Let v(l) = 37485*l + 8197. Is v(46) composite?
True
Suppose -3*x - 50 = 4*t + 322, 5*t + 620 = -5*x. Let q = 1797 - x. Is q a prime number?
False
Let c = 21152 + -5215. Is c a prime number?
True
Let b(c) = -6290*c - 19257. Is b(-9) a composite number?
True
Let h(o) be the second derivative of -599*o**3/6 - 9*o**2/2 + 45*o. Is h(-8) composite?
False
Let v(m) = m**3 + 36*m**2 + 10*m + 32. Let o be v(-24). Let p = 13053 - o. Is p a prime number?
False
Suppose -12*z - 30 = -18*z. Suppose 2*q + 380 = -2*j + z*q, -5*q + 10 = 0. Let t = 1005 + j. Is t a composite number?
True
Let u(z) = 8288*z**3 + z**2 - 23*z + 21. Is u(1) a prime number?
True
Suppose 4*y = -2*w + 1075698, -4*w - 2*y + 1599248 = -552100. Is w a prime number?
False
Let b(w) = -w**3 + 3*w**2 + w - 3. Let m(k) = 4*k - 38. Let i be m(10). Let u be b(i). Is 1/u + 9328/24 composite?
False
Let g(l) = l**2 - l + 1. Let s be g(1). Let f(d) = -4*d**3 - 10*d + 4 + 6*d**2 - 4*d + d + s. Is f(-6) a prime number?
True
Let d = -39415 - -113282. Is d composite?
False
Let z(v) = v**3 - 22*v**2 + 74*v - 39. Let i be z(18). Is 1452/11 - (-3)/i a prime number?
True
Let j = 1322 + -801. Is j prime?
True
Let r(l) = -6*l**3 - 8*l**2 + 3*l + 8. Let q be r(-9). Suppose -m - 3072 = -5*w + 2*w, 5*w - 5134 = -3*m. Suppose w = -6*o + q. Is o a prime number?
False
Suppose d - 1842 = -2*d. Suppose -15*k + 1273 - 4798 = 0. Let b = k + d. Is b a prime number?
True
Suppose -27*b - 212803 - 135416 = 0. Let l = b + 22708. Is l composite?
False
Let q = -48 - -50. Suppose -5*v + 6*v + 13771 = q*n, 4*n = 4*v + 27536. Is n composite?
True
Suppose -35*r = 1881 + 919. Is 4*165535/(-2)*8/r composite?
False
Suppose -4*s = 5*a - 4 - 1, s + 5 = 0. Let j(z) = 54*z + 37. Is j(a) a composite number?
False
Suppose 4*d - 111131 = -14*i + 11*i, d - 27788 = i. Is d a prime number?
False
Suppose 39 = 5*d + y, d + 5*y = 5*d - 8. Let r(u) be the first derivative of u**3/3 + 5*u**2/2 - 13*u - 30. Is r(d) prime?
True
Let z(b) be the third derivative of -995*b**4/24 + 11*b**3/6 + 2*b**2 - 3*b. Is z(-6) a prime number?
True
Let a be -27 + (-5)/((-10)/8). Let t = -14 - a. Suppose 0*i + 4*i + r = 629, -3*r = t. Is i prime?
False
Let o(w) = -54*w**3 + 24*w**2 + 440*w - 69. Is o(-14) composite?
True
Suppose 0 = -2*s + 7522 + 4186. Suppose 188*g = 190*g - s. Is g a composite number?
False
Let b(r) = 1. Let j(a) = -368*a + 1. Let s(c) = -6*b(c) + 2*j(c). Let x be s(-7). Suppose -x = -4*v - 4*k, 8*v - 5*v = -5*k + 3865. Is v a composite number?
True
Let a(u) = -4*u + 4. Let o be a(4). Is (-7)/(42/4) + (-36236)/o composite?
False
Let z(k) = 214753*k + 4692. Is z(3) a composite number?
True
Let d be (-2)/10 - 3/(-15). Suppose d = 6*t - 0*t - 22674. Is t a prime number?
True
Suppose 0 = -33*g - 425465 + 2725202. Is g a composite number?
True
Let m(p) = 78*p**2 + 180*p + 779. Is m(-39) a prime number?
True
Let c = -71 + 80. Suppose -c*q - 70 + 1132 = 0. Suppose -q*t = -116*t - 662. Is t a composite number?
False
Suppose -383*d - 13*d + 13599828 = 0. Is d a composite number?
True
Suppose -2*z = -8, 2*g + 5*z = z + 12840. Let b = 11711 - g. Is b a prime number?
False
Suppose 2*x = 0, -r - 38 = -28*x + 32*x. Is ((-17636)/10)/(r/95) a composite number?
False
Let x = 102 - 90. Is (25971/x)/(((-35)/(-28))/5) a prime number?
False
Suppose 99087*w - 99089*w = -187042. Is w composite?
True
Suppose 0 = 5*c + 2*n + 3*n + 18410, c + 5*n = -3698. Let p = c - -10161. Is p a composite number?
True
Let n be 363/6*(2 - -6). Suppose z + c = 56 + 57, 0 = -4*z + 4*c + n. Let y = z + 10. Is y composite?
False
Is (13/(-2))/((-21)/486318) a composite number?
True
Let i(p) = 6839*p**2 - 52*p - 116. Is i(-5) a composite number?
True
Suppose -29 = -4*x - 9. Suppose -3*y + x*y + 5910 = -g, 2*g + 11845 = y. Is -2 + g/(-6) + 1/3 composite?
True
Suppose 0 = 3*k - 4 - 2. Suppose 3*p = j - 1132, -k*j = -3*p + 3*j - 1136. Is -3 - ((-4 - -1) + p) a composite number?
True
Suppose 0 = 3*o - 2*m - 7, 2*m - 23 = -41*o + 38*o. Suppose 5*k + 3*g = 21448, 3*k + o*g - 5111 - 7761 = 0. Is k a composite number?
False
Suppose 2*z + 3*t = 17, 2*z - 7*t = -5*t + 42. Is 2/(z/15672) - -2 prime?
False
Suppose 2*d = 5*w - 11, -d = -w - 2 + 3. Suppose -10*v + 3*r + 39923 = -6*v, -39918 = -4*v + d*r. Is v prime?
False
Is ((-2)/3*(-16811)/2)/((-82)/(-492)) a prime number?
False
Let a be (-1 + -7)*(6 - 8). Let n = a + -12. Is (-1509)/(-4) + 3*n/(-48) composite?
True
Suppose 0 = -11*d + 4*d. Suppose -l - 4*t + 0*t = 1683, d = l + 3*t + 1680. Let c = 250 - l. Is c prime?
False
Let z = -72 - -67. Let w be (-25493)/(-65) + (-4)/z. Suppose u - 252 = r - 646, -w = -r + 2*u. Is r composite?
True
Let k = -587 + 591. Suppose -x = -12*h + 8*h - 8199, 0 = 5*x - k*h - 41011. Is x prime?
False
Let t be (-5 - -5 - -6)/(1/(-3)). Let a be ((-2399)/t - (-8)/36)*2. Suppose a = 3*c - 5*r, 4*c - r - 267 = c. Is c prime?
True
Suppose 0 = o - 5, -2*u + 9175 = 3*o - 4464. Let m = -4798 + u. Suppose -r - 2*t + 674 = -t, 0 = -3*r + 5*t + m. Is r a prime number?
True
Suppose -31*v + 235731 = 6*v - 196318. Is v prime?
True
Let b(s) = 37*s**2 - 52*s + 263. Is b(46) a prime number?
True
Suppose -9*o - 427195 = -1873576. Is o a prime number?
True
Suppose 0 = 2*q - 27 - 19. Suppose -1 = -8*h + q. Suppose 6*m - 171 = h*m. Is m composite?
True
Suppose -97*g + 96*g = n - 224959, 0 = 3*n + 12. Is g a prime number?
False
Let c = 331556 - -186155. Is c prime?
True
Suppose -7*v + 276654 = 2*r, 0 = 2*v - 74 + 66. Is r a composite number?
True
Suppose -1392*w - 306 + 762634 = -1384*w. Is w a composite number?
True
Let h = 583 + -555. Suppose 35*s = h*s + 27769. Is s composite?
False
Suppose 123995 = 44*t - 1087193. Is t composite?
False
Suppose 3212 = -42*r + 44*r. Let k = r - 485. Is k composite?
True
Let m be (-1 - -2)/(3/(-39)). Let h(v) = -3730 - 14*v + 1240 + 1256 + 1255. Is h(m) a prime number?
False
Suppose -i - 848094 = -5*d, -5*i = 92*d - 96*d + 678471. Is d composite?
True
Let h(t) = -1483*t + 1690. Is h(-27) a composite number?
True
Suppose 34*o - 350 = 3628. Suppose -124*t + o*t = -63805. Is t prime?
False
Let d = -23 - -20. Let q be 1499/(-3)*d - 0. Suppose q = 3*l - a, 99 = 5*l - 3*a - 2402. Is l a prime number?
True
Let i(b) = 308*b**2 + 87*b - 620. Is i(9) prime?
True
Suppose -2*b = -61571 - 64911. Is b a composite number?
False
Let u(r) be the second derivative of r**5/20 + r**4/3 - r**3 - 5*r**2 + r. Let p = -44605 - -44612. Is u(p) composite?
False
Let v(s) = s**2 + 9*s. Let n be v(-9). Suppose l - 8 + 7 = n. Is 0 + l - -360*5 a prime number?
True
Let w(i) = -i**3 + i**2 + 2*i + 19. Let u be w(0). Suppose -10*m = u + 71. Let t(h) = -h**3 + 3*h**2 + 2*h - 13. Is t(m) prime?
True
Let d(z) = 2*z**2 + 4*z. Let f be d(3). Suppose -7*u = 359 - 975. Suppose -u = -2*y + f. Is y prime?
True
Suppose 270017 = 21*z - 20*z - 3*d, 5*z = -4*d + 1350009. Is z a prime number?
False
Let v(s) = 15250*